{"id":38,"date":"2017-05-03T07:55:53","date_gmt":"2017-05-03T07:55:53","guid":{"rendered":"https:\/\/sijenasi.wordpress.com\/?page_id=38"},"modified":"2017-05-03T07:55:53","modified_gmt":"2017-05-03T07:55:53","slug":"fines","status":"publish","type":"page","link":"https:\/\/sijenasi.com\/index.php\/fines\/","title":{"rendered":"Fines"},"content":{"rendered":"<p><img loading=\"lazy\" decoding=\"async\" class=\"alignnone size-full wp-image-1215\" src=\"https:\/\/sijenasi.com\/wp-content\/uploads\/2017\/08\/fines-plataforma-sijena-sc3ad.jpg\" alt=\"Fines Plataforma Sijena S\u00ed\" width=\"1044\" height=\"545\" srcset=\"https:\/\/sijenasi.com\/wp-content\/uploads\/2017\/08\/fines-plataforma-sijena-sc3ad.jpg 1044w, https:\/\/sijenasi.com\/wp-content\/uploads\/2017\/08\/fines-plataforma-sijena-sc3ad-300x157.jpg 300w, https:\/\/sijenasi.com\/wp-content\/uploads\/2017\/08\/fines-plataforma-sijena-sc3ad-1024x535.jpg 1024w, https:\/\/sijenasi.com\/wp-content\/uploads\/2017\/08\/fines-plataforma-sijena-sc3ad-768x401.jpg 768w\" sizes=\"auto, (max-width: 1044px) 100vw, 1044px\" \/><\/p>\n<ol>\n<li style=\"text-align:justify;\">Reclamar y exigir dignidad y justicia ante la situaci\u00f3n en la que se encuentra el Real Monasterio de Sijena, declarado Monumento Nacional en 1923.<\/li>\n<li style=\"text-align:justify;\">Defender y difundir la verdad hist\u00f3rica sobre el expolio sufrido por el Real Monasterio de Sijena.<\/li>\n<li style=\"text-align:justify;\">Trabajar para que sean devueltos al Real Monasterio de Sijena los bienes expoliados, depositados o irregularmente vendidos (objetos y obras de arte, incluyendo las pinturas murales de la Sala Capitular) y que se encuentran hoy en d\u00eda almacenados o expuestos en el Museo Diocesano de L\u00e9rida, en el Museo Nacional de Arte de Catalu\u00f1a (MNAC) de Barcelona y en cualquier otro lugar del mundo.<\/li>\n<li style=\"text-align:justify;\">Apoyar las acciones legales en marcha y exigir que se cumplan \u00edntegramente las sentencias judiciales que obligan a la Generalitat de Catalu\u00f1a a devolver los bienes, as\u00ed como promover acciones legales adicionales para la consecuci\u00f3n de estos fines.<\/li>\n<li style=\"text-align:justify;\">Organizar, involucrando a la sociedad civil aragonesa, acciones pol\u00edticas y sociales para dar a conocer y denunciar en el resto de Espa\u00f1a y ante la Comunidad Internacional la situaci\u00f3n de Sijena.<\/li>\n<li style=\"text-align:justify;\">Promover el nuevo Museo del Real Monasterio de Sijena y procurar que la atenci\u00f3n a los visitantes sea la m\u00e1s adecuada posible.<\/li>\n<li style=\"text-align:justify;\">Cooperar con la comunidad religiosa del Real Monasterio de Sijena, para que las personas que lo visitan puedan tambi\u00e9n conocer y apreciar, si as\u00ed lo desean, la riqueza espiritual que alberga.<\/li>\n<li style=\"text-align:justify;\">Potenciar todo tipo de iniciativas culturales y tur\u00edsticas en torno a Sijena.<\/li>\n<li style=\"text-align:justify;\">Conseguir que el a\u00f1o 2023, centenario de la proclamaci\u00f3n del Real Monasterio de Sijena como Monumento Nacional, se celebre internacionalmente el \u00abA\u00f1o de Sijena\u00bb.<\/li>\n<li style=\"text-align:justify;\">Fomentar la creaci\u00f3n de una red de panteones reales de la Corona de Arag\u00f3n donde Sijena ocupe el lugar que le corresponde en la historia, junto a San Juan de la Pe\u00f1a, San Pedro el Viejo y Poblet.<\/li>\n<li>Trabajar por el retorno de los bienes de las parroquias aragonesas de\u00a0la Di\u00f3cesis de Barbastro-Monz\u00f3n que tambi\u00e9n retiene el Museo de L\u00e9rida, fomentando la colaboraci\u00f3n ciudadana para exigir el cumplimiento de las sentencias de los tribunales eclesi\u00e1sticos y para cualquier otra acci\u00f3n que se vea necesaria.<\/li>\n<li style=\"text-align:justify;\">Buscar la cooperaci\u00f3n y el apoyo mutuo con otras reivindicaciones patrimoniales de Arag\u00f3n.<\/li>\n<\/ol>\n","protected":false},"excerpt":{"rendered":"<p>Fines de la Plataforma Sijena S\u00ed<\/p>\n","protected":false},"author":3,"featured_media":1215,"parent":0,"menu_order":0,"comment_status":"closed","ping_status":"closed","template":"","meta":{"ngg_post_thumbnail":0,"footnotes":""},"class_list":["post-38","page","type-page","status-publish","hentry"],"jetpack_sharing_enabled":true,"_links":{"self":[{"href":"https:\/\/sijenasi.com\/index.php\/wp-json\/wp\/v2\/pages\/38","targetHints":{"allow":["GET"]}}],"collection":[{"href":"https:\/\/sijenasi.com\/index.php\/wp-json\/wp\/v2\/pages"}],"about":[{"href":"https:\/\/sijenasi.com\/index.php\/wp-json\/wp\/v2\/types\/page"}],"author":[{"embeddable":true,"href":"https:\/\/sijenasi.com\/index.php\/wp-json\/wp\/v2\/users\/3"}],"replies":[{"embeddable":true,"href":"https:\/\/sijenasi.com\/index.php\/wp-json\/wp\/v2\/comments?post=38"}],"version-history":[{"count":0,"href":"https:\/\/sijenasi.com\/index.php\/wp-json\/wp\/v2\/pages\/38\/revisions"}],"wp:featuredmedia":[{"embeddable":true,"href":"https:\/\/sijenasi.com\/index.php\/wp-json\/wp\/v2\/media\/1215"}],"wp:attachment":[{"href":"https:\/\/sijenasi.com\/index.php\/wp-json\/wp\/v2\/media?parent=38"}],"curies":[{"name":"wp","href":"https:\/\/api.w.org\/{rel}","templated":true}]}}

<p><img loading="lazy" decoding="async" class="alignnone size-full wp-image-1215" src="https://sijenasi.com/wp-content/uploads/2017/08/fines-plataforma-sijena-sc3ad.jpg" alt="Fines Plataforma Sijena Sí" width="1044" height="545" srcset="https://sijenasi.com/wp-content/uploads/2017/08/fines-plataforma-sijena-sc3ad.jpg 1044w, https://sijenasi.com/wp-content/uploads/2017/08/fines-plataforma-sijena-sc3ad-300x157.jpg 300w, https://sijenasi.com/wp-content/uploads/2017/08/fines-plataforma-sijena-sc3ad-1024x535.jpg 1024w, https://sijenasi.com/wp-content/uploads/2017/08/fines-plataforma-sijena-sc3ad-768x401.jpg 768w" sizes="auto, (max-width: 1044px) 100vw, 1044px" /></p>
<ol>
<li style="text-align:justify;">Reclamar y exigir dignidad y justicia ante la situación en la que se encuentra el Real Monasterio de Sijena, declarado Monumento Nacional en 1923.</li>
<li style="text-align:justify;">Defender y difundir la verdad histórica sobre el expolio sufrido por el Real Monasterio de Sijena.</li>
<li style="text-align:justify;">Trabajar para que sean devueltos al Real Monasterio de Sijena los bienes expoliados, depositados o irregularmente vendidos (objetos y obras de arte, incluyendo las pinturas murales de la Sala Capitular) y que se encuentran hoy en día almacenados o expuestos en el Museo Diocesano de Lérida, en el Museo Nacional de Arte de Cataluña (MNAC) de Barcelona y en cualquier otro lugar del mundo.</li>
<li style="text-align:justify;">Apoyar las acciones legales en marcha y exigir que se cumplan íntegramente las sentencias judiciales que obligan a la Generalitat de Cataluña a devolver los bienes, así como promover acciones legales adicionales para la consecución de estos fines.</li>
<li style="text-align:justify;">Organizar, involucrando a la sociedad civil aragonesa, acciones políticas y sociales para dar a conocer y denunciar en el resto de España y ante la Comunidad Internacional la situación de Sijena.</li>
<li style="text-align:justify;">Promover el nuevo Museo del Real Monasterio de Sijena y procurar que la atención a los visitantes sea la más adecuada posible.</li>
<li style="text-align:justify;">Cooperar con la comunidad religiosa del Real Monasterio de Sijena, para que las personas que lo visitan puedan también conocer y apreciar, si así lo desean, la riqueza espiritual que alberga.</li>
<li style="text-align:justify;">Potenciar todo tipo de iniciativas culturales y turísticas en torno a Sijena.</li>
<li style="text-align:justify;">Conseguir que el año 2023, centenario de la proclamación del Real Monasterio de Sijena como Monumento Nacional, se celebre internacionalmente el «Año de Sijena».</li>
<li style="text-align:justify;">Fomentar la creación de una red de panteones reales de la Corona de Aragón donde Sijena ocupe el lugar que le corresponde en la historia, junto a San Juan de la Peña, San Pedro el Viejo y Poblet.</li>
<li>Trabajar por el retorno de los bienes de las parroquias aragonesas de la Diócesis de Barbastro-Monzón que también retiene el Museo de Lérida, fomentando la colaboración ciudadana para exigir el cumplimiento de las sentencias de los tribunales eclesiásticos y para cualquier otra acción que se vea necesaria.</li>
<li style="text-align:justify;">Buscar la cooperación y el apoyo mutuo con otras reivindicaciones patrimoniales de Aragón.</li>
</ol>

<p>Fines de la Plataforma Sijena Sí</p>
