{"id":2044,"date":"2018-02-06T22:16:52","date_gmt":"2018-02-06T20:16:52","guid":{"rendered":"http:\/\/sijenasi.com\/?page_id=2044"},"modified":"2025-07-15T10:33:26","modified_gmt":"2025-07-15T09:33:26","slug":"comite-cientifico","status":"publish","type":"page","link":"https:\/\/sijenasi.com\/index.php\/quienes-somos\/comite-cientifico\/","title":{"rendered":"Comit\u00e9 Cient\u00edfico"},"content":{"rendered":"<p><img loading=\"lazy\" decoding=\"async\" class=\"alignnone size-full wp-image-2459\" src=\"https:\/\/sijenasi.com\/wp-content\/uploads\/2019\/01\/2018_02_24-2841-jys-2.jpg\" alt=\"Sijena-si-comite-cientifico\" width=\"1024\" height=\"680\" srcset=\"https:\/\/sijenasi.com\/wp-content\/uploads\/2019\/01\/2018_02_24-2841-jys-2.jpg 1024w, https:\/\/sijenasi.com\/wp-content\/uploads\/2019\/01\/2018_02_24-2841-jys-2-300x199.jpg 300w, https:\/\/sijenasi.com\/wp-content\/uploads\/2019\/01\/2018_02_24-2841-jys-2-768x510.jpg 768w\" sizes=\"auto, (max-width: 1024px) 100vw, 1024px\" \/><\/p>\n<p style=\"text-align: center;\"><strong>MIEMBROS DEL COMIT\u00c9 CIENT\u00cdFICO DE LA PLATAFORMA SIJENA S\u00cd<\/strong><\/p>\n<ul>\n<li><strong><a href=\"https:\/\/es.wikipedia.org\/wiki\/Domingo_Buesa_Conde\" target=\"_blank\" rel=\"noopener\">Domingo Buesa Conde<\/a>. <\/strong>Doctor en Historia. exdirector Cient\u00edfico del Museo Alma Mater de Zaragoza, Presidente de la Real Academia de Nobles y Bellas Artes de San Luis, Miembro de la Real Academia de la Historia.<\/li>\n<li><strong><a href=\"http:\/\/www.enciclopedia-aragonesa.com\/voz.asp?voz_id=7577&amp;tipo_busqueda=1&amp;nombre=lacarra%20ducay&amp;categoria_id=&amp;subcategoria_id=&amp;conImagenes=%7C\" target=\"_blank\" rel=\"noopener\">Mar\u00eda del Carmen Lacarra&nbsp;Ducay<\/a>.<\/strong> Doctora en Historia. Catedr\u00e1tica de Historia del Arte Antiguo y Medieval en la Universidad de Zaragoza.&nbsp;Miembro del I.C.O.M. (<em>International Council of Museums<\/em>). Acad\u00e9mica numeraria de la Real Academia de Nobles y Bellas Artes de San Luis. Consejera de la &nbsp;\u201cInstituci\u00f3n Fernando el Cat\u00f3lico\u201d y Directora de la \u201cC\u00e1tedra Goya\u201d de la Diputaci\u00f3n de Zaragoza.<\/li>\n<li><strong>Jos\u00e9 Mar\u00eda Nasarre L\u00f3pez<\/strong>. Doctor en Filosof\u00eda y Letras. Director del Museo Diocesano de Huesca y Delegado Diocesano de Patrimonio de la Di\u00f3cesis de Huesca. Exdecano de la Facultad de Ciencias Humanas y de la Educaci\u00f3n de la Universidad en Huesca. Vicedirector del Instituto de Estudios Altoaragoneses.<\/li>\n<li><strong><a href=\"http:\/\/www.unizar.es\/departamentos\/historia_arte\/docs\/cv\/cv_lozano_juan_carlos.pdf\" target=\"_blank\" rel=\"noopener\">Juan Carlos Lozano L\u00f3pez<\/a>. <\/strong>Doctor en Historia del Arte. Profesor Titular del Dpto. de Historia del Arte de la Univ. de Zaragoza. <span style=\"font-family: 'Verdana', 'sans-serif';\"><span style=\"color: #000000;\">Acad\u00e9mico numerario de la Real Academia de Nobles y Bellas Artes de San Luis.<\/span><\/span><\/li>\n<li><strong><a href=\"https:\/\/www.uv.es\/mpc\/Web_Nueva\/Professors\/CV_Professors\/CV_GOMEZ_RODRIGO_MARIA.pdf\" target=\"_blank\" rel=\"noopener\">Mar\u00eda G\u00f3mez Rodrigo<\/a>. <\/strong>Doctora en Bellas Artes.&nbsp;Profesora Titular del Dpto. de Historia del Arte de la Universidad de Valencia. T\u00e9cnico en Conservaci\u00f3n y Restauraci\u00f3n del Patrimonio de la Catedral de Valencia. Especialista en restauraci\u00f3n de pintura quemada. Miembro de la Comisi\u00f3n Cient\u00edfica de la Asociaci\u00f3n Cultural \u00abEl camino del Santo Grial\u00bb.<\/li>\n<li><strong>Mar\u00eda Elisa S\u00e1nchez Sanz.<\/strong> Doctora en Antropolog\u00eda. Profesora de Antropolog\u00eda Social en la&nbsp;Univ. de Zaragoza. Premio \u201cMarqu\u00e9s de Lozoya\u201d 1990 del Ministerio de Cultura, Consejera de Cultura del Centro de Estudios Bilbilitanos y Codirectora de la Revista <em>Temas de Antropolog\u00eda Aragonesa.<\/em><\/li>\n<li><strong><strong><span class=\"style_1\">Alfonso Monforte Espallargas. <\/span><\/strong><\/strong>Licenciado en Bellas Artes por la Univ. Aut\u00f3noma de Barcelona. Experto en restauraci\u00f3n con actuaciones en cuevas neol\u00edticas,&nbsp;el Monasterio de Sijena, la Iglesia de la Manter\u00eda (Zaragoza), el Castillo de Monz\u00f3n, el Palacio de la Aljafer\u00eda (Zaragoza) o el Monasterio Nuevo de San Juan de la Pe\u00f1a (Huesca).<\/li>\n<li><strong>Juan Jos\u00e9 Nieto Call\u00e9n. <\/strong>Doctor en Historia. Investigador con amplia experiencia en el patrimonio del Altoarag\u00f3n. Documentalista en varios casos judiciales por el retorno del arte expoliado.<\/li>\n<li><a href=\"http:\/\/abogadoespanol.blogspot.com.es\/\" target=\"_blank\" rel=\"noopener\"><strong>Jorge Espa\u00f1ol Fumanal<\/strong><\/a>. Licenciado en Derecho. Licenciado en Ciencias Pol\u00edticas y Sociolog\u00eda.&nbsp;<em>MBA<\/em> por la <em>University of Houston<\/em> (USA). Abogado de los&nbsp;Ayuntamientos de Villanueva de Sijena, Peralta de Alcofea y Berbegal en sus litigios patrimoniales.<\/li>\n<li><strong><a href=\"https:\/\/es.linkedin.com\/in\/juanyzuel\" target=\"_blank\" rel=\"noopener\">Juan Yzuel Sanz<\/a>. <\/strong>Licenciado en Estudios Eclesi\u00e1sticos. <em>Master of Arts. Master of Divinity<\/em>&nbsp; por&nbsp;la&nbsp;St. John&#8217;s University de Nueva York<em>.<\/em> Presidente de la Asociaci\u00f3n EsperanzARTE de artistas cristianos. Miembro de la Asoc. de Te\u00f3logos Juan XXIII. Presidente de la Asociaci\u00f3n Plataforma Sijena S\u00ed. Escritor y profesor.<\/li>\n<\/ul>\n<p><span style=\"color: #000000; font-family: Times New Roman;\">La Plataforma est\u00e1 abierta a que otras personas cualificadas se adhieran a este Comit\u00e9 para poder cubrir todas las \u00e1reas cient\u00edficas requeridas en un proyecto de esta magnitud.<\/span><\/p>\n","protected":false},"excerpt":{"rendered":"<p>MIEMBROS DEL COMIT\u00c9 CIENT\u00cdFICO DE LA PLATAFORMA SIJENA S\u00cd Domingo Buesa Conde. Doctor en Historia. exdirector Cient\u00edfico del Museo Alma Mater de Zaragoza, Presidente de la Real Academia de Nobles y Bellas Artes de San Luis, Miembro de la Real Academia de la Historia. Mar\u00eda del Carmen Lacarra&nbsp;Ducay. Doctora en Historia. Catedr\u00e1tica de Historia del [&hellip;]<\/p>\n","protected":false},"author":2,"featured_media":2459,"parent":41,"menu_order":0,"comment_status":"closed","ping_status":"closed","template":"","meta":{"ngg_post_thumbnail":0,"footnotes":""},"class_list":["post-2044","page","type-page","status-publish","hentry"],"jetpack_sharing_enabled":true,"_links":{"self":[{"href":"https:\/\/sijenasi.com\/index.php\/wp-json\/wp\/v2\/pages\/2044","targetHints":{"allow":["GET"]}}],"collection":[{"href":"https:\/\/sijenasi.com\/index.php\/wp-json\/wp\/v2\/pages"}],"about":[{"href":"https:\/\/sijenasi.com\/index.php\/wp-json\/wp\/v2\/types\/page"}],"author":[{"embeddable":true,"href":"https:\/\/sijenasi.com\/index.php\/wp-json\/wp\/v2\/users\/2"}],"replies":[{"embeddable":true,"href":"https:\/\/sijenasi.com\/index.php\/wp-json\/wp\/v2\/comments?post=2044"}],"version-history":[{"count":2,"href":"https:\/\/sijenasi.com\/index.php\/wp-json\/wp\/v2\/pages\/2044\/revisions"}],"predecessor-version":[{"id":5440,"href":"https:\/\/sijenasi.com\/index.php\/wp-json\/wp\/v2\/pages\/2044\/revisions\/5440"}],"up":[{"embeddable":true,"href":"https:\/\/sijenasi.com\/index.php\/wp-json\/wp\/v2\/pages\/41"}],"wp:featuredmedia":[{"embeddable":true,"href":"https:\/\/sijenasi.com\/index.php\/wp-json\/wp\/v2\/media\/2459"}],"wp:attachment":[{"href":"https:\/\/sijenasi.com\/index.php\/wp-json\/wp\/v2\/media?parent=2044"}],"curies":[{"name":"wp","href":"https:\/\/api.w.org\/{rel}","templated":true}]}}

Comité Científico

<p><img loading="lazy" decoding="async" class="alignnone size-full wp-image-2459" src="https://sijenasi.com/wp-content/uploads/2019/01/2018_02_24-2841-jys-2.jpg" alt="Sijena-si-comite-cientifico" width="1024" height="680" srcset="https://sijenasi.com/wp-content/uploads/2019/01/2018_02_24-2841-jys-2.jpg 1024w, https://sijenasi.com/wp-content/uploads/2019/01/2018_02_24-2841-jys-2-300x199.jpg 300w, https://sijenasi.com/wp-content/uploads/2019/01/2018_02_24-2841-jys-2-768x510.jpg 768w" sizes="auto, (max-width: 1024px) 100vw, 1024px" /></p>
<p style="text-align: center;"><strong>MIEMBROS DEL COMITÉ CIENTÍFICO DE LA PLATAFORMA SIJENA SÍ</strong></p>
<ul>
<li><strong><a href="https://es.wikipedia.org/wiki/Domingo_Buesa_Conde" target="_blank" rel="noopener">Domingo Buesa Conde</a>. </strong>Doctor en Historia. exdirector Científico del Museo Alma Mater de Zaragoza, Presidente de la Real Academia de Nobles y Bellas Artes de San Luis, Miembro de la Real Academia de la Historia.</li>
<li><strong><a href="http://www.enciclopedia-aragonesa.com/voz.asp?voz_id=7577&amp;tipo_busqueda=1&amp;nombre=lacarra%20ducay&amp;categoria_id=&amp;subcategoria_id=&amp;conImagenes=%7C" target="_blank" rel="noopener">María del Carmen Lacarra&nbsp;Ducay</a>.</strong> Doctora en Historia. Catedrática de Historia del Arte Antiguo y Medieval en la Universidad de Zaragoza.&nbsp;Miembro del I.C.O.M. (<em>International Council of Museums</em>). Académica numeraria de la Real Academia de Nobles y Bellas Artes de San Luis. Consejera de la &nbsp;“Institución Fernando el Católico” y Directora de la “Cátedra Goya” de la Diputación de Zaragoza.</li>
<li><strong>José María Nasarre López</strong>. Doctor en Filosofía y Letras. Director del Museo Diocesano de Huesca y Delegado Diocesano de Patrimonio de la Diócesis de Huesca. Exdecano de la Facultad de Ciencias Humanas y de la Educación de la Universidad en Huesca. Vicedirector del Instituto de Estudios Altoaragoneses.</li>
<li><strong><a href="http://www.unizar.es/departamentos/historia_arte/docs/cv/cv_lozano_juan_carlos.pdf" target="_blank" rel="noopener">Juan Carlos Lozano López</a>. </strong>Doctor en Historia del Arte. Profesor Titular del Dpto. de Historia del Arte de la Univ. de Zaragoza. <span style="font-family: 'Verdana', 'sans-serif';"><span style="color: #000000;">Académico numerario de la Real Academia de Nobles y Bellas Artes de San Luis.</span></span></li>
<li><strong><a href="https://www.uv.es/mpc/Web_Nueva/Professors/CV_Professors/CV_GOMEZ_RODRIGO_MARIA.pdf" target="_blank" rel="noopener">María Gómez Rodrigo</a>. </strong>Doctora en Bellas Artes.&nbsp;Profesora Titular del Dpto. de Historia del Arte de la Universidad de Valencia. Técnico en Conservación y Restauración del Patrimonio de la Catedral de Valencia. Especialista en restauración de pintura quemada. Miembro de la Comisión Científica de la Asociación Cultural «El camino del Santo Grial».</li>
<li><strong>María Elisa Sánchez Sanz.</strong> Doctora en Antropología. Profesora de Antropología Social en la&nbsp;Univ. de Zaragoza. Premio “Marqués de Lozoya” 1990 del Ministerio de Cultura, Consejera de Cultura del Centro de Estudios Bilbilitanos y Codirectora de la Revista <em>Temas de Antropología Aragonesa.</em></li>
<li><strong><strong><span class="style_1">Alfonso Monforte Espallargas. </span></strong></strong>Licenciado en Bellas Artes por la Univ. Autónoma de Barcelona. Experto en restauración con actuaciones en cuevas neolíticas,&nbsp;el Monasterio de Sijena, la Iglesia de la Mantería (Zaragoza), el Castillo de Monzón, el Palacio de la Aljafería (Zaragoza) o el Monasterio Nuevo de San Juan de la Peña (Huesca).</li>
<li><strong>Juan José Nieto Callén. </strong>Doctor en Historia. Investigador con amplia experiencia en el patrimonio del Altoaragón. Documentalista en varios casos judiciales por el retorno del arte expoliado.</li>
<li><a href="http://abogadoespanol.blogspot.com.es/" target="_blank" rel="noopener"><strong>Jorge Español Fumanal</strong></a>. Licenciado en Derecho. Licenciado en Ciencias Políticas y Sociología.&nbsp;<em>MBA</em> por la <em>University of Houston</em> (USA). Abogado de los&nbsp;Ayuntamientos de Villanueva de Sijena, Peralta de Alcofea y Berbegal en sus litigios patrimoniales.</li>
<li><strong><a href="https://es.linkedin.com/in/juanyzuel" target="_blank" rel="noopener">Juan Yzuel Sanz</a>. </strong>Licenciado en Estudios Eclesiásticos. <em>Master of Arts. Master of Divinity</em>&nbsp; por&nbsp;la&nbsp;St. John&#8217;s University de Nueva York<em>.</em> Presidente de la Asociación EsperanzARTE de artistas cristianos. Miembro de la Asoc. de Teólogos Juan XXIII. Presidente de la Asociación Plataforma Sijena Sí. Escritor y profesor.</li>
</ul>
<p><span style="color: #000000; font-family: Times New Roman;">La Plataforma está abierta a que otras personas cualificadas se adhieran a este Comité para poder cubrir todas las áreas científicas requeridas en un proyecto de esta magnitud.</span></p>

<p>MIEMBROS DEL COMITÉ CIENTÍFICO DE LA PLATAFORMA SIJENA SÍ Domingo Buesa Conde. Doctor en Historia. exdirector Científico del Museo Alma Mater de Zaragoza, Presidente de la Real Academia de Nobles y Bellas Artes de San Luis, Miembro de la Real Academia de la Historia. María del Carmen Lacarra&nbsp;Ducay. Doctora en Historia. Catedrática de Historia del [&hellip;]</p>
