{"id":1201,"date":"2017-08-25T11:09:51","date_gmt":"2017-08-25T09:09:51","guid":{"rendered":"http:\/\/sijenasi.com\/?page_id=1201"},"modified":"2017-08-25T11:09:51","modified_gmt":"2017-08-25T09:09:51","slug":"barbastro","status":"publish","type":"page","link":"https:\/\/sijenasi.com\/index.php\/barbastro\/","title":{"rendered":"Barbastro"},"content":{"rendered":"<p><img loading=\"lazy\" decoding=\"async\" class=\"alignnone size-full wp-image-900\" src=\"https:\/\/sijenasi.com\/wp-content\/uploads\/2017\/07\/dsc_0118.jpg\" alt=\"Obispado de L\u00e9rida\" width=\"6000\" height=\"4000\" \/><\/p>\n<p>La Plataforma Sijena S\u00ed, desde su constituci\u00f3n, ha tenido claro que deb\u00eda convertirse en una bandera desde la que apoyar al resto de reivindicaciones patrimoniales aragonesas. La m\u00e1s importante de ellas es, sin duda, la de las parroquias aragonesas que pertenecen desde 1995 al Obispado de Barbastro-Monz\u00f3n y cuyos bienes retiene el Obispado de L\u00e9rida a pesar de haber muchas sentencias de la Santa Sede que lo condenan a devolver las piezas a sus leg\u00edtimos due\u00f1os.<\/p>\n<p>El 15 de\u00a0julio de 2017, la coordinadora de la Plataforma\u00a0entreg\u00f3 e hizo p\u00fablica su <a href=\"https:\/\/sijenasi.com\/2017\/07\/17\/carta-al-obispo-de-lerida-obedezca-al-vaticano-y-devuelva-las-113-piezas-de-las-parroquias-de-aragon\/\">Carta al Obispo de L\u00e9rida<\/a>.\u00a0El 24 de agosto de 2017 se constituy\u00f3 un grupo de Sijena S\u00ed en Barbastro para trabajar por el regreso de los estos bienes al Museo Diocesano de Barbastro.<\/p>\n","protected":false},"excerpt":{"rendered":"<p>Reivindicaciones de la Plataforma Sijena S\u00ed por los bienes de las parroquias aragonesas que retiene el Museo de L\u00e9rida.<\/p>\n","protected":false},"author":2,"featured_media":900,"parent":0,"menu_order":0,"comment_status":"closed","ping_status":"open","template":"","meta":{"ngg_post_thumbnail":0,"footnotes":""},"class_list":["post-1201","page","type-page","status-publish","hentry"],"jetpack_sharing_enabled":true,"_links":{"self":[{"href":"https:\/\/sijenasi.com\/index.php\/wp-json\/wp\/v2\/pages\/1201","targetHints":{"allow":["GET"]}}],"collection":[{"href":"https:\/\/sijenasi.com\/index.php\/wp-json\/wp\/v2\/pages"}],"about":[{"href":"https:\/\/sijenasi.com\/index.php\/wp-json\/wp\/v2\/types\/page"}],"author":[{"embeddable":true,"href":"https:\/\/sijenasi.com\/index.php\/wp-json\/wp\/v2\/users\/2"}],"replies":[{"embeddable":true,"href":"https:\/\/sijenasi.com\/index.php\/wp-json\/wp\/v2\/comments?post=1201"}],"version-history":[{"count":0,"href":"https:\/\/sijenasi.com\/index.php\/wp-json\/wp\/v2\/pages\/1201\/revisions"}],"wp:featuredmedia":[{"embeddable":true,"href":"https:\/\/sijenasi.com\/index.php\/wp-json\/wp\/v2\/media\/900"}],"wp:attachment":[{"href":"https:\/\/sijenasi.com\/index.php\/wp-json\/wp\/v2\/media?parent=1201"}],"curies":[{"name":"wp","href":"https:\/\/api.w.org\/{rel}","templated":true}]}}

<p><img loading="lazy" decoding="async" class="alignnone size-full wp-image-900" src="https://sijenasi.com/wp-content/uploads/2017/07/dsc_0118.jpg" alt="Obispado de Lérida" width="6000" height="4000" /></p>
<p>La Plataforma Sijena Sí, desde su constitución, ha tenido claro que debía convertirse en una bandera desde la que apoyar al resto de reivindicaciones patrimoniales aragonesas. La más importante de ellas es, sin duda, la de las parroquias aragonesas que pertenecen desde 1995 al Obispado de Barbastro-Monzón y cuyos bienes retiene el Obispado de Lérida a pesar de haber muchas sentencias de la Santa Sede que lo condenan a devolver las piezas a sus legítimos dueños.</p>
<p>El 15 de julio de 2017, la coordinadora de la Plataforma entregó e hizo pública su <a href="https://sijenasi.com/2017/07/17/carta-al-obispo-de-lerida-obedezca-al-vaticano-y-devuelva-las-113-piezas-de-las-parroquias-de-aragon/">Carta al Obispo de Lérida</a>. El 24 de agosto de 2017 se constituyó un grupo de Sijena Sí en Barbastro para trabajar por el regreso de los estos bienes al Museo Diocesano de Barbastro.</p>

<p>Reivindicaciones de la Plataforma Sijena Sí por los bienes de las parroquias aragonesas que retiene el Museo de Lérida.</p>
